{"id":58,"date":"2025-04-29T15:14:25","date_gmt":"2025-04-29T15:14:25","guid":{"rendered":"https:\/\/legu.dk\/?page_id=58"},"modified":"2025-04-29T16:15:17","modified_gmt":"2025-04-29T16:15:17","slug":"egu-transport","status":"publish","type":"page","link":"https:\/\/legu.dk\/index.php\/egu-transport\/","title":{"rendered":"EGU"},"content":{"rendered":"\n<h2 class=\"wp-block-heading\"><strong>M\u00e5lgruppe:<\/strong><\/h2>\n\n\n\n<p>M\u00e5lgruppen for FGU er unge under 25 \u00e5r, der ikke har gennemf\u00f8rt eller er i gang med en ungdomsuddannelse og som heller ikke er i besk\u00e6ftigelse.<\/p>\n\n\n\n<p>Holdet\/ klassen er for 12 til 14 unge mennesker fra 18 \u00e5r og op efter, der p\u00e5 forskellig vis er udfordret, der af forskellige \u00e5rsager ikke er g\u00e5et den lige vej til job eller uddannelse og som \u00f8nsker en EGU\/AMU- uddannelse indenfor godstransport. &nbsp;<\/p>\n\n\n\n<p>Kurserne afvikles som AMU- kurser, med det antal dage som det enkelte kursus har som varighed. Dog vil kurset \u201dgodstransport med lastbil\u201d forl\u00f8be sig over 50 dage.<\/p>\n\n\n\n<p>De forskellige kurser afvikles over ca. 20- 36 uger. F.eks. et for\u00e5rs-forl\u00f8b med start i januar\/ februar eller et efter\u00e5rsforl\u00f8b med start i august\/september. Efter f\u00f8rste 20- 35 ugers skolegang er der praktik i den virksomhed, som deltageren har praktikaftale med som EGU- elev.<\/p>\n\n\n\n<hr class=\"wp-block-separator has-alpha-channel-opacity\"\/>\n\n\n\n<h2 class=\"wp-block-heading\">M\u00e5lgruppevurdering<\/h2>\n\n\n\n<p><a href=\"https:\/\/www.uvm.dk\/forberedende-grunduddannelse\/maalgruppe-og-optagelse\/maalgruppevurdering\">https:\/\/www.uvm.dk\/forberedende-grunduddannelse\/maalgruppe-og-optagelse\/maalgruppevurdering<\/a><\/p>\n\n\n\n<p><\/p>\n","protected":false},"excerpt":{"rendered":"<p>M\u00e5lgruppe: M\u00e5lgruppen for FGU er unge under 25 \u00e5r, der ikke har gennemf\u00f8rt eller er i gang med en ungdomsuddannelse og som heller ikke er i besk\u00e6ftigelse. Holdet\/ klassen er for 12 til 14 unge mennesker fra 18 \u00e5r og op efter, der p\u00e5 forskellig vis er udfordret, der af forskellige \u00e5rsager ikke er g\u00e5et [&hellip;]<\/p>\n","protected":false},"author":1,"featured_media":0,"parent":0,"menu_order":0,"comment_status":"closed","ping_status":"closed","template":"","meta":{"footnotes":""},"class_list":["post-58","page","type-page","status-publish","hentry"],"yoast_head":"<!-- This site is optimized with the Yoast SEO plugin v25.2 - https:\/\/yoast.com\/wordpress\/plugins\/seo\/ -->\n<title>EGU - EGU TRANSPORT<\/title>\n<meta name=\"robots\" content=\"index, follow, max-snippet:-1, max-image-preview:large, max-video-preview:-1\" \/>\n<link rel=\"canonical\" href=\"https:\/\/legu.dk\/index.php\/egu-transport\/\" \/>\n<meta property=\"og:locale\" content=\"da_DK\" \/>\n<meta property=\"og:type\" content=\"article\" \/>\n<meta property=\"og:title\" content=\"EGU - EGU TRANSPORT\" \/>\n<meta property=\"og:description\" content=\"M\u00e5lgruppe: M\u00e5lgruppen for FGU er unge under 25 \u00e5r, der ikke har gennemf\u00f8rt eller er i gang med en ungdomsuddannelse og som heller ikke er i besk\u00e6ftigelse. Holdet\/ klassen er for 12 til 14 unge mennesker fra 18 \u00e5r og op efter, der p\u00e5 forskellig vis er udfordret, der af forskellige \u00e5rsager ikke er g\u00e5et [&hellip;]\" \/>\n<meta property=\"og:url\" content=\"https:\/\/legu.dk\/index.php\/egu-transport\/\" \/>\n<meta property=\"og:site_name\" content=\"EGU TRANSPORT\" \/>\n<meta property=\"article:modified_time\" content=\"2025-04-29T16:15:17+00:00\" \/>\n<meta name=\"twitter:card\" content=\"summary_large_image\" \/>\n<meta name=\"twitter:label1\" content=\"Estimeret l\u00e6setid\" \/>\n\t<meta name=\"twitter:data1\" content=\"1 minut\" \/>\n<script type=\"application\/ld+json\" class=\"yoast-schema-graph\">{\"@context\":\"https:\/\/schema.org\",\"@graph\":[{\"@type\":\"WebPage\",\"@id\":\"https:\/\/legu.dk\/index.php\/egu-transport\/\",\"url\":\"https:\/\/legu.dk\/index.php\/egu-transport\/\",\"name\":\"EGU - EGU TRANSPORT\",\"isPartOf\":{\"@id\":\"https:\/\/legu.dk\/#website\"},\"datePublished\":\"2025-04-29T15:14:25+00:00\",\"dateModified\":\"2025-04-29T16:15:17+00:00\",\"breadcrumb\":{\"@id\":\"https:\/\/legu.dk\/index.php\/egu-transport\/#breadcrumb\"},\"inLanguage\":\"da-DK\",\"potentialAction\":[{\"@type\":\"ReadAction\",\"target\":[\"https:\/\/legu.dk\/index.php\/egu-transport\/\"]}]},{\"@type\":\"BreadcrumbList\",\"@id\":\"https:\/\/legu.dk\/index.php\/egu-transport\/#breadcrumb\",\"itemListElement\":[{\"@type\":\"ListItem\",\"position\":1,\"name\":\"Hjem\",\"item\":\"https:\/\/legu.dk\/\"},{\"@type\":\"ListItem\",\"position\":2,\"name\":\"EGU\"}]},{\"@type\":\"WebSite\",\"@id\":\"https:\/\/legu.dk\/#website\",\"url\":\"https:\/\/legu.dk\/\",\"name\":\"EGU TRANSPORT\",\"description\":\"\",\"potentialAction\":[{\"@type\":\"SearchAction\",\"target\":{\"@type\":\"EntryPoint\",\"urlTemplate\":\"https:\/\/legu.dk\/?s={search_term_string}\"},\"query-input\":{\"@type\":\"PropertyValueSpecification\",\"valueRequired\":true,\"valueName\":\"search_term_string\"}}],\"inLanguage\":\"da-DK\"}]}<\/script>\n<!-- \/ Yoast SEO plugin. -->","yoast_head_json":{"title":"EGU - EGU TRANSPORT","robots":{"index":"index","follow":"follow","max-snippet":"max-snippet:-1","max-image-preview":"max-image-preview:large","max-video-preview":"max-video-preview:-1"},"canonical":"https:\/\/legu.dk\/index.php\/egu-transport\/","og_locale":"da_DK","og_type":"article","og_title":"EGU - EGU TRANSPORT","og_description":"M\u00e5lgruppe: M\u00e5lgruppen for FGU er unge under 25 \u00e5r, der ikke har gennemf\u00f8rt eller er i gang med en ungdomsuddannelse og som heller ikke er i besk\u00e6ftigelse. Holdet\/ klassen er for 12 til 14 unge mennesker fra 18 \u00e5r og op efter, der p\u00e5 forskellig vis er udfordret, der af forskellige \u00e5rsager ikke er g\u00e5et [&hellip;]","og_url":"https:\/\/legu.dk\/index.php\/egu-transport\/","og_site_name":"EGU TRANSPORT","article_modified_time":"2025-04-29T16:15:17+00:00","twitter_card":"summary_large_image","twitter_misc":{"Estimeret l\u00e6setid":"1 minut"},"schema":{"@context":"https:\/\/schema.org","@graph":[{"@type":"WebPage","@id":"https:\/\/legu.dk\/index.php\/egu-transport\/","url":"https:\/\/legu.dk\/index.php\/egu-transport\/","name":"EGU - EGU TRANSPORT","isPartOf":{"@id":"https:\/\/legu.dk\/#website"},"datePublished":"2025-04-29T15:14:25+00:00","dateModified":"2025-04-29T16:15:17+00:00","breadcrumb":{"@id":"https:\/\/legu.dk\/index.php\/egu-transport\/#breadcrumb"},"inLanguage":"da-DK","potentialAction":[{"@type":"ReadAction","target":["https:\/\/legu.dk\/index.php\/egu-transport\/"]}]},{"@type":"BreadcrumbList","@id":"https:\/\/legu.dk\/index.php\/egu-transport\/#breadcrumb","itemListElement":[{"@type":"ListItem","position":1,"name":"Hjem","item":"https:\/\/legu.dk\/"},{"@type":"ListItem","position":2,"name":"EGU"}]},{"@type":"WebSite","@id":"https:\/\/legu.dk\/#website","url":"https:\/\/legu.dk\/","name":"EGU TRANSPORT","description":"","potentialAction":[{"@type":"SearchAction","target":{"@type":"EntryPoint","urlTemplate":"https:\/\/legu.dk\/?s={search_term_string}"},"query-input":{"@type":"PropertyValueSpecification","valueRequired":true,"valueName":"search_term_string"}}],"inLanguage":"da-DK"}]}},"_links":{"self":[{"href":"https:\/\/legu.dk\/index.php\/wp-json\/wp\/v2\/pages\/58","targetHints":{"allow":["GET"]}}],"collection":[{"href":"https:\/\/legu.dk\/index.php\/wp-json\/wp\/v2\/pages"}],"about":[{"href":"https:\/\/legu.dk\/index.php\/wp-json\/wp\/v2\/types\/page"}],"author":[{"embeddable":true,"href":"https:\/\/legu.dk\/index.php\/wp-json\/wp\/v2\/users\/1"}],"replies":[{"embeddable":true,"href":"https:\/\/legu.dk\/index.php\/wp-json\/wp\/v2\/comments?post=58"}],"version-history":[{"count":8,"href":"https:\/\/legu.dk\/index.php\/wp-json\/wp\/v2\/pages\/58\/revisions"}],"predecessor-version":[{"id":112,"href":"https:\/\/legu.dk\/index.php\/wp-json\/wp\/v2\/pages\/58\/revisions\/112"}],"wp:attachment":[{"href":"https:\/\/legu.dk\/index.php\/wp-json\/wp\/v2\/media?parent=58"}],"curies":[{"name":"wp","href":"https:\/\/api.w.org\/{rel}","templated":true}]}}